{"id":5,"date":"2014-11-01T21:45:52","date_gmt":"2014-11-01T21:45:52","guid":{"rendered":"http:\/\/aikidolons.olympe.in\/?page_id=2"},"modified":"2023-06-24T16:11:01","modified_gmt":"2023-06-24T14:11:01","slug":"page-d-exemple","status":"publish","type":"page","link":"https:\/\/aikidolons.com\/?page_id=5","title":{"rendered":"le club"},"content":{"rendered":"<p style=\"text-align: left;\"><a href=\"https:\/\/aikidolons.com\/wp-content\/uploads\/2014\/11\/Aikido_shisei11.jpg\"><img loading=\"lazy\" decoding=\"async\" class=\"alignnone size-medium wp-image-124\" src=\"https:\/\/aikidolons.com\/wp-content\/uploads\/2014\/11\/Aikido_shisei1-300x196.jpg\" alt=\"Aikido seiza\" width=\"300\" height=\"196\" srcset=\"https:\/\/aikidolons.com\/wp-content\/uploads\/2014\/11\/Aikido_shisei1-300x196.jpg 300w, https:\/\/aikidolons.com\/wp-content\/uploads\/2014\/11\/Aikido_shisei1.jpg 605w\" sizes=\"auto, (max-width: 300px) 100vw, 300px\" \/><\/a><\/p>\n<p style=\"text-align: left;\"><a href=\"https:\/\/aikidolons.com\/wp-content\/uploads\/2020\/07\/ffaaa.jpg\"><img loading=\"lazy\" decoding=\"async\" class=\"alignnone  wp-image-781\" src=\"https:\/\/aikidolons.com\/wp-content\/uploads\/2020\/07\/ffaaa-300x165.jpg\" alt=\"\" width=\"136\" height=\"75\" srcset=\"https:\/\/aikidolons.com\/wp-content\/uploads\/2020\/07\/ffaaa-300x165.jpg 300w, https:\/\/aikidolons.com\/wp-content\/uploads\/2020\/07\/ffaaa-672x372.jpg 672w, https:\/\/aikidolons.com\/wp-content\/uploads\/2020\/07\/ffaaa.jpg 734w\" sizes=\"auto, (max-width: 136px) 100vw, 136px\" \/><\/a> AIKIDO LONS \u00a0 est\u00a0 un club \u00a0 affili\u00e9e \u00e0 la FFAAA membre UFA agr\u00e9\u00e9e par le minist\u00e8re de Jeunesse et des Sports et de la vie associative.<\/p>\n<p>AIKIDO LONS fait partie de l&rsquo;association des AML (Arts Martiaux L\u00e9doniens) en tant que section d\u2019A\u00efkido.<\/p>\n<p style=\"text-align: left;\"><strong>Membre du bureau directeur:<\/strong><\/p>\n<p style=\"text-align: left;\">Responsable de la section : Jo\u00ebl Fromont<\/p>\n<p style=\"text-align: left;\">Secr\u00e9taire : Marie Geillon<\/p>\n<p style=\"text-align: left;\">Tr\u00e9sorier : Fran\u00e7ois Delatour<\/p>\n<p style=\"text-align: left;\"><strong>Divers :<\/strong><\/p>\n<p style=\"text-align: left;\">Responsable de la biblioth\u00e8que et du site internet : Laurent Cretin<\/p>\n<p>\u00a0<\/p>\n\n\n<p class=\"has-text-align-center\"><span style=\"text-decoration: underline;\"><strong>Enseignants <\/strong><\/span><\/p>\n\n\n\n<div class=\"wp-block-group\"><div class=\"wp-block-group__inner-container is-layout-flow wp-block-group-is-layout-flow\">\n<div class=\"wp-block-group\"><div class=\"wp-block-group__inner-container is-layout-flow wp-block-group-is-layout-flow\">\n<div class=\"wp-block-media-text alignwide is-stacked-on-mobile\" style=\"grid-template-columns:30% auto\"><figure class=\"wp-block-media-text__media\"><img loading=\"lazy\" decoding=\"async\" width=\"768\" height=\"1024\" src=\"https:\/\/aikidolons.com\/wp-content\/uploads\/2022\/06\/marie-768x1024.jpg\" alt=\"\" class=\"wp-image-1011 size-full\" srcset=\"https:\/\/aikidolons.com\/wp-content\/uploads\/2022\/06\/marie-768x1024.jpg 768w, https:\/\/aikidolons.com\/wp-content\/uploads\/2022\/06\/marie-225x300.jpg 225w, https:\/\/aikidolons.com\/wp-content\/uploads\/2022\/06\/marie.jpg 1080w\" sizes=\"auto, (max-width: 768px) 100vw, 768px\" \/><\/figure><div class=\"wp-block-media-text__content\">\n<p><strong>Marie Geillon<\/strong><br>enseignante adultes<br>1er Dan &#8211; titulaire du brevet f\u00e9d\u00e9ral agr\u00e9\u00e9 Jeunesse et Sports<\/p>\n<\/div><\/div>\n\n\n\n<div class=\"wp-block-media-text alignwide is-stacked-on-mobile\" style=\"grid-template-columns:30% auto\"><figure class=\"wp-block-media-text__media\"><img loading=\"lazy\" decoding=\"async\" width=\"768\" height=\"1024\" src=\"https:\/\/aikidolons.com\/wp-content\/uploads\/2022\/06\/francois-768x1024.jpg\" alt=\"\" class=\"wp-image-1012 size-full\" srcset=\"https:\/\/aikidolons.com\/wp-content\/uploads\/2022\/06\/francois-768x1024.jpg 768w, https:\/\/aikidolons.com\/wp-content\/uploads\/2022\/06\/francois-225x300.jpg 225w, https:\/\/aikidolons.com\/wp-content\/uploads\/2022\/06\/francois.jpg 1080w\" sizes=\"auto, (max-width: 768px) 100vw, 768px\" \/><\/figure><div class=\"wp-block-media-text__content\">\n<p><strong>Fran\u00e7ois Delatour<\/strong><br>enseignant adultes 4e Dan &#8211; titulaire du brevet f\u00e9d\u00e9ral agr\u00e9\u00e9 Jeunesse et Sports<\/p>\n<\/div><\/div>\n<\/div><\/div>\n<\/div><\/div>\n\n\n\n<div class=\"wp-block-media-text alignwide is-stacked-on-mobile\" style=\"grid-template-columns:30% auto\"><figure class=\"wp-block-media-text__media\"><img loading=\"lazy\" decoding=\"async\" width=\"768\" height=\"1024\" src=\"https:\/\/aikidolons.com\/wp-content\/uploads\/2022\/06\/laurent-768x1024.jpg\" alt=\"\" class=\"wp-image-1013 size-full\" srcset=\"https:\/\/aikidolons.com\/wp-content\/uploads\/2022\/06\/laurent-768x1024.jpg 768w, https:\/\/aikidolons.com\/wp-content\/uploads\/2022\/06\/laurent-225x300.jpg 225w, https:\/\/aikidolons.com\/wp-content\/uploads\/2022\/06\/laurent.jpg 1080w\" sizes=\"auto, (max-width: 768px) 100vw, 768px\" \/><\/figure><div class=\"wp-block-media-text__content\">\n<p><strong>Laurent Cretin<\/strong><br>enseignant enfants<br>3e Dan &#8211; titulaire du brevet f\u00e9d\u00e9ral agr\u00e9\u00e9 Jeunesse et Sports<\/p>\n<\/div><\/div>\n\n\n\n<p><\/p>\n\n\n\n<p><span style=\"text-decoration: underline;\">Intervenant ext\u00e9rieur :<\/span><\/p>\n\n\n\n<div class=\"wp-block-media-text alignwide is-stacked-on-mobile\" style=\"grid-template-columns:32% auto\"><figure class=\"wp-block-media-text__media\"><img loading=\"lazy\" decoding=\"async\" width=\"768\" height=\"1024\" src=\"https:\/\/aikidolons.com\/wp-content\/uploads\/2022\/06\/herve-768x1024.jpg\" alt=\"\" class=\"wp-image-1015 size-full\" srcset=\"https:\/\/aikidolons.com\/wp-content\/uploads\/2022\/06\/herve-768x1024.jpg 768w, https:\/\/aikidolons.com\/wp-content\/uploads\/2022\/06\/herve-225x300.jpg 225w, https:\/\/aikidolons.com\/wp-content\/uploads\/2022\/06\/herve.jpg 1080w\" sizes=\"auto, (max-width: 768px) 100vw, 768px\" \/><\/figure><div class=\"wp-block-media-text__content\">\n<p class=\"has-normal-font-size\"><strong> Herv\u00e9 Guenard <\/strong><\/p>\n\n\n\n<p class=\"has-normal-font-size\">enseignant adultes (cours anciens)<br>7e Dan &#8211; titulaire d&rsquo;un Brevet d&rsquo;\u00c9tat 1er degr\u00e9 &#8211; DEJEPS <\/p>\n<\/div><\/div>\n\n\n\n<p><\/p>\n","protected":false},"excerpt":{"rendered":"<p>AIKIDO LONS \u00a0 est\u00a0 un club \u00a0 affili\u00e9e \u00e0 la FFAAA membre UFA agr\u00e9\u00e9e par le minist\u00e8re de Jeunesse et des Sports et de la vie associative. AIKIDO LONS fait partie de l&rsquo;association des AML (Arts Martiaux L\u00e9doniens) en tant que section d\u2019A\u00efkido. Membre du bureau directeur: Responsable de la section : Jo\u00ebl Fromont Secr\u00e9taire &hellip; <a href=\"https:\/\/aikidolons.com\/?page_id=5\" class=\"more-link\">Continuer la lecture de <span class=\"screen-reader-text\">le club<\/span>  <span class=\"meta-nav\">&rarr;<\/span><\/a><\/p>\n","protected":false},"author":2,"featured_media":0,"parent":0,"menu_order":2,"comment_status":"open","ping_status":"open","template":"","meta":{"footnotes":""},"class_list":["post-5","page","type-page","status-publish","hentry"],"_links":{"self":[{"href":"https:\/\/aikidolons.com\/index.php?rest_route=\/wp\/v2\/pages\/5","targetHints":{"allow":["GET"]}}],"collection":[{"href":"https:\/\/aikidolons.com\/index.php?rest_route=\/wp\/v2\/pages"}],"about":[{"href":"https:\/\/aikidolons.com\/index.php?rest_route=\/wp\/v2\/types\/page"}],"author":[{"embeddable":true,"href":"https:\/\/aikidolons.com\/index.php?rest_route=\/wp\/v2\/users\/2"}],"replies":[{"embeddable":true,"href":"https:\/\/aikidolons.com\/index.php?rest_route=%2Fwp%2Fv2%2Fcomments&post=5"}],"version-history":[{"count":0,"href":"https:\/\/aikidolons.com\/index.php?rest_route=\/wp\/v2\/pages\/5\/revisions"}],"wp:attachment":[{"href":"https:\/\/aikidolons.com\/index.php?rest_route=%2Fwp%2Fv2%2Fmedia&parent=5"}],"curies":[{"name":"wp","href":"https:\/\/api.w.org\/{rel}","templated":true}]}}

<p style="text-align: left;"><a href="https://aikidolons.com/wp-content/uploads/2014/11/Aikido_shisei11.jpg"><img loading="lazy" decoding="async" class="alignnone size-medium wp-image-124" src="https://aikidolons.com/wp-content/uploads/2014/11/Aikido_shisei1-300x196.jpg" alt="Aikido seiza" width="300" height="196" srcset="https://aikidolons.com/wp-content/uploads/2014/11/Aikido_shisei1-300x196.jpg 300w, https://aikidolons.com/wp-content/uploads/2014/11/Aikido_shisei1.jpg 605w" sizes="auto, (max-width: 300px) 100vw, 300px" /></a></p>
<p style="text-align: left;"><a href="https://aikidolons.com/wp-content/uploads/2020/07/ffaaa.jpg"><img loading="lazy" decoding="async" class="alignnone  wp-image-781" src="https://aikidolons.com/wp-content/uploads/2020/07/ffaaa-300x165.jpg" alt="" width="136" height="75" srcset="https://aikidolons.com/wp-content/uploads/2020/07/ffaaa-300x165.jpg 300w, https://aikidolons.com/wp-content/uploads/2020/07/ffaaa-672x372.jpg 672w, https://aikidolons.com/wp-content/uploads/2020/07/ffaaa.jpg 734w" sizes="auto, (max-width: 136px) 100vw, 136px" /></a> AIKIDO LONS   est  un club   affiliée à la FFAAA membre UFA agréée par le ministère de Jeunesse et des Sports et de la vie associative.</p>
<p>AIKIDO LONS fait partie de l&rsquo;association des AML (Arts Martiaux Lédoniens) en tant que section d’Aïkido.</p>
<p style="text-align: left;"><strong>Membre du bureau directeur:</strong></p>
<p style="text-align: left;">Responsable de la section : Joël Fromont</p>
<p style="text-align: left;">Secrétaire : Marie Geillon</p>
<p style="text-align: left;">Trésorier : François Delatour</p>
<p style="text-align: left;"><strong>Divers :</strong></p>
<p style="text-align: left;">Responsable de la bibliothèque et du site internet : Laurent Cretin</p>
<p> </p>


<p class="has-text-align-center"><span style="text-decoration: underline;"><strong>Enseignants </strong></span></p>



<div class="wp-block-group"><div class="wp-block-group__inner-container is-layout-flow wp-block-group-is-layout-flow">
<div class="wp-block-group"><div class="wp-block-group__inner-container is-layout-flow wp-block-group-is-layout-flow">
<div class="wp-block-media-text alignwide is-stacked-on-mobile" style="grid-template-columns:30% auto"><figure class="wp-block-media-text__media"><img loading="lazy" decoding="async" width="768" height="1024" src="https://aikidolons.com/wp-content/uploads/2022/06/marie-768x1024.jpg" alt="" class="wp-image-1011 size-full" srcset="https://aikidolons.com/wp-content/uploads/2022/06/marie-768x1024.jpg 768w, https://aikidolons.com/wp-content/uploads/2022/06/marie-225x300.jpg 225w, https://aikidolons.com/wp-content/uploads/2022/06/marie.jpg 1080w" sizes="auto, (max-width: 768px) 100vw, 768px" /></figure><div class="wp-block-media-text__content">
<p><strong>Marie Geillon</strong><br>enseignante adultes<br>1er Dan &#8211; titulaire du brevet fédéral agréé Jeunesse et Sports</p>
</div></div>



<div class="wp-block-media-text alignwide is-stacked-on-mobile" style="grid-template-columns:30% auto"><figure class="wp-block-media-text__media"><img loading="lazy" decoding="async" width="768" height="1024" src="https://aikidolons.com/wp-content/uploads/2022/06/francois-768x1024.jpg" alt="" class="wp-image-1012 size-full" srcset="https://aikidolons.com/wp-content/uploads/2022/06/francois-768x1024.jpg 768w, https://aikidolons.com/wp-content/uploads/2022/06/francois-225x300.jpg 225w, https://aikidolons.com/wp-content/uploads/2022/06/francois.jpg 1080w" sizes="auto, (max-width: 768px) 100vw, 768px" /></figure><div class="wp-block-media-text__content">
<p><strong>François Delatour</strong><br>enseignant adultes 4e Dan &#8211; titulaire du brevet fédéral agréé Jeunesse et Sports</p>
</div></div>
</div></div>
</div></div>



<div class="wp-block-media-text alignwide is-stacked-on-mobile" style="grid-template-columns:30% auto"><figure class="wp-block-media-text__media"><img loading="lazy" decoding="async" width="768" height="1024" src="https://aikidolons.com/wp-content/uploads/2022/06/laurent-768x1024.jpg" alt="" class="wp-image-1013 size-full" srcset="https://aikidolons.com/wp-content/uploads/2022/06/laurent-768x1024.jpg 768w, https://aikidolons.com/wp-content/uploads/2022/06/laurent-225x300.jpg 225w, https://aikidolons.com/wp-content/uploads/2022/06/laurent.jpg 1080w" sizes="auto, (max-width: 768px) 100vw, 768px" /></figure><div class="wp-block-media-text__content">
<p><strong>Laurent Cretin</strong><br>enseignant enfants<br>3e Dan &#8211; titulaire du brevet fédéral agréé Jeunesse et Sports</p>
</div></div>



<p></p>



<p><span style="text-decoration: underline;">Intervenant extérieur :</span></p>



<div class="wp-block-media-text alignwide is-stacked-on-mobile" style="grid-template-columns:32% auto"><figure class="wp-block-media-text__media"><img loading="lazy" decoding="async" width="768" height="1024" src="https://aikidolons.com/wp-content/uploads/2022/06/herve-768x1024.jpg" alt="" class="wp-image-1015 size-full" srcset="https://aikidolons.com/wp-content/uploads/2022/06/herve-768x1024.jpg 768w, https://aikidolons.com/wp-content/uploads/2022/06/herve-225x300.jpg 225w, https://aikidolons.com/wp-content/uploads/2022/06/herve.jpg 1080w" sizes="auto, (max-width: 768px) 100vw, 768px" /></figure><div class="wp-block-media-text__content">
<p class="has-normal-font-size"><strong> Hervé Guenard </strong></p>



<p class="has-normal-font-size">enseignant adultes (cours anciens)<br>7e Dan &#8211; titulaire d&rsquo;un Brevet d&rsquo;État 1er degré &#8211; DEJEPS </p>
</div></div>



<p></p>

<p>AIKIDO LONS   est  un club   affiliée à la FFAAA membre UFA agréée par le ministère de Jeunesse et des Sports et de la vie associative. AIKIDO LONS fait partie de l&rsquo;association des AML (Arts Martiaux Lédoniens) en tant que section d’Aïkido. Membre du bureau directeur: Responsable de la section : Joël Fromont Secrétaire &hellip; <a href="https://aikidolons.com/?page_id=5" class="more-link">Continuer la lecture de <span class="screen-reader-text">le club</span>  <span class="meta-nav">&rarr;</span></a></p>
