{"id":51,"date":"2014-11-02T13:04:10","date_gmt":"2014-11-02T12:04:10","guid":{"rendered":"http:\/\/aikidolons.olympe.in\/?page_id=51"},"modified":"2021-10-17T14:18:58","modified_gmt":"2021-10-17T12:18:58","slug":"laikido","status":"publish","type":"page","link":"https:\/\/aikidolons.com\/?page_id=51","title":{"rendered":"L&rsquo;A\u00efkido"},"content":{"rendered":"<p><a href=\"https:\/\/aikidolons.com\/wp-content\/uploads\/2014\/11\/o-sensei11.jpg\"><img loading=\"lazy\" decoding=\"async\" class=\"aligncenter wp-image-13 size-full\" src=\"https:\/\/aikidolons.com\/wp-content\/uploads\/2014\/11\/o-sensei1.jpg\" alt=\"o sensei\" width=\"188\" height=\"240\" \/><\/a><\/p>\n<p><span class=\"let1\">L&rsquo; A\u00cfkido<\/span> a \u00e9t\u00e9 fond\u00e9 par <span class=\"txtplus\">Morihei Ueshiba<\/span>.<br \/>\nA vingt ans, il se rend \u00e0 Tokyo et passe ses soir\u00e9es \u00e0 \u00e9tudier les anciennes techniques de Ju-Jitsu, il pratique le Ken-Jutsu (sabre) dans un dojo de Shinkage Ryu (Ecole Shinkage).<br \/>\nEn 1903, Ma\u00eetre Ueshiba s&rsquo;engage dans l&rsquo;arm\u00e9e. En f\u00e9vrier 1915, il rencontre le grand Ma\u00eetre de l&rsquo;Ecole Da\u00efto : Sokaku Takeda. Tr\u00e8s pein\u00e9 par la disparition de son p\u00e8re, survenue le 2 janvier 1920, Ma\u00eetre Ueshiba passa quelques mois \u00e0 m\u00e9diter puis il d\u00e9cida de s&rsquo;installer \u00e0 Ayabe. De retour au Japon, Ma\u00eetre Ueshiba reprit avec encore plus d&rsquo;intensit\u00e9 qu&rsquo;auparavant ses recherches sur le Budo et sa vie d&rsquo;asc\u00e9tisme.<br \/>\nC&rsquo;est de toutes ces rencontres et exp\u00e9riences techniques ou philosophiques que na\u00eetra l&rsquo;A\u00efkido en 1925. L&rsquo;A\u00efkido fut le premier art martial qui re\u00e7ut l&rsquo;autorisation de reprendre la pratique en raison de sa tendance pacifiste. C&rsquo;est \u00e0 cette \u00e9poque que naquit vraiment la forme moderne de l&rsquo;A\u00efkido.<br \/>\nLorsque le v\u00e9n\u00e9rable Ma\u00eetre s&rsquo;\u00e9teignit le 26 avril 1969, l&rsquo;A\u00efkido s&rsquo;\u00e9tait r\u00e9pandu \u00e0 travers le monde et \u00e9tait pratiqu\u00e9 par des centaines de milliers de personnes sur les cinq continents.<\/p>\n<p><strong>Qu&rsquo;est ce que l&rsquo;A\u00efkido ?<\/strong><\/p>\n<p>L&rsquo; A\u00efkido est un Art Martial Japonais n\u00e9 de la synth\u00e8se d&rsquo;Arts Martiaux ancestraux.<span class=\"txtplus\"> Ma\u00eetre Morihei Ueshiba<\/span> le fondateur de cet art est n\u00e9 en 1883 \u00e0 Tanab\u00e9. L&rsquo;A\u00efkido fait ses 1er pas en France dans les ann\u00e9es 50.<\/p>\n<p><span class=\"txtplus\"><strong>Philosophie<\/strong><br \/>\n<\/span>Art visant \u00e0 l&rsquo;harmonisation de l&rsquo;homme avec son environnement.<br \/>\nArt d&rsquo;esquive dont le but est de d\u00e9samorcer la violence sans d\u00e9truire<br \/>\nen faisant prendre conscience \u00e0 l&rsquo;adversaire que la poursuite de l&rsquo;attaque est inutile. Par la grande vari\u00e9t\u00e9 de ses techniques, il permet<br \/>\nde r\u00e9pondre \u00e0 pratiquement toutes les situations difficiles.<\/p>\n<p><strong><span class=\"txtplus\">Sport <\/span><\/strong><br \/>\nL &lsquo;A\u00efkido apporte \u00e0 la fois un \u00e9quilibre physique et moral.<br \/>\nToute la musculature travaille harmonieusement et en souplesse.<br \/>\nIl d\u00e9veloppe les notions de respect, d&rsquo;entraide, de pers\u00e9v\u00e9rance,<br \/>\nde sinc\u00e9rit\u00e9. Il permet de d\u00e9samorcer les tensions li\u00e9es au stress<br \/>\nde la vie quotidienne.<\/p>\n<p><span class=\"txtplus\"><strong>L&rsquo; A\u00efkido et l&rsquo;enfant<\/strong><br \/>\n<\/span>Merveilleuse discipline pour les jeunes par une p\u00e9dagogie adapt\u00e9e et sans danger. Le jeune va apprendre la ma\u00eetrise de son corps, le respect de son partenaire et de lui-m\u00eame, l&rsquo;\u00e9coute. L&rsquo;A\u00efkido va lui permettre d&rsquo;am\u00e9liorer sa motricit\u00e9, la synchronisation de ses gestes<br \/>\ntout en canalisant cette \u00e9nergie.<\/p>\n<p style=\"text-align: left;\"><span class=\"txtplus\"><strong>L&rsquo; A\u00efkido et la femme<\/strong><br \/>\n<\/span>Discipline tout particuli\u00e8rement adapt\u00e9e aux femmes par son principe<br \/>\nde non opposition mais de guide de l&rsquo;attaque pour l&rsquo;an\u00e9antir.<br \/>\nFluidit\u00e9 des d\u00e9placements, harmonie des mouvements,<br \/>\nnotion d&rsquo;\u00e9quilibre, de centrage, de disponibilit\u00e9, de vigilance,<br \/>\nde rythme font une recette croustillante pour toutes les passionn\u00e9es.<\/p>\n<p><strong><span class=\"txtplus\">L&rsquo; A\u00efkido et les armes (en bois)<\/span><\/strong><br \/>\nSabre (bokken), b\u00e2ton (jo), couteau (tanto). L&rsquo;utilisation des armes<br \/>\npermet d&rsquo;\u00e9tablir des liens de corr\u00e9lation avec le travail \u00e0 main nue.<br \/>\nC&rsquo;est un beau support p\u00e9dagogique \u00e9galement pour les jeunes.<\/p>\n","protected":false},"excerpt":{"rendered":"<p>L&rsquo; A\u00cfkido a \u00e9t\u00e9 fond\u00e9 par Morihei Ueshiba. A vingt ans, il se rend \u00e0 Tokyo et passe ses soir\u00e9es \u00e0 \u00e9tudier les anciennes techniques de Ju-Jitsu, il pratique le Ken-Jutsu (sabre) dans un dojo de Shinkage Ryu (Ecole Shinkage). En 1903, Ma\u00eetre Ueshiba s&rsquo;engage dans l&rsquo;arm\u00e9e. En f\u00e9vrier 1915, il rencontre le grand Ma\u00eetre &hellip; <a href=\"https:\/\/aikidolons.com\/?page_id=51\" class=\"more-link\">Continuer la lecture de <span class=\"screen-reader-text\">L&rsquo;A\u00efkido<\/span>  <span class=\"meta-nav\">&rarr;<\/span><\/a><\/p>\n","protected":false},"author":2,"featured_media":0,"parent":0,"menu_order":1,"comment_status":"open","ping_status":"open","template":"","meta":{"footnotes":""},"class_list":["post-51","page","type-page","status-publish","hentry"],"_links":{"self":[{"href":"https:\/\/aikidolons.com\/index.php?rest_route=\/wp\/v2\/pages\/51","targetHints":{"allow":["GET"]}}],"collection":[{"href":"https:\/\/aikidolons.com\/index.php?rest_route=\/wp\/v2\/pages"}],"about":[{"href":"https:\/\/aikidolons.com\/index.php?rest_route=\/wp\/v2\/types\/page"}],"author":[{"embeddable":true,"href":"https:\/\/aikidolons.com\/index.php?rest_route=\/wp\/v2\/users\/2"}],"replies":[{"embeddable":true,"href":"https:\/\/aikidolons.com\/index.php?rest_route=%2Fwp%2Fv2%2Fcomments&post=51"}],"version-history":[{"count":0,"href":"https:\/\/aikidolons.com\/index.php?rest_route=\/wp\/v2\/pages\/51\/revisions"}],"wp:attachment":[{"href":"https:\/\/aikidolons.com\/index.php?rest_route=%2Fwp%2Fv2%2Fmedia&parent=51"}],"curies":[{"name":"wp","href":"https:\/\/api.w.org\/{rel}","templated":true}]}}